 72*i. What is the tens digit of i?
3
Suppose 8*n - 215 - 3009 = 0. What is the tens digit of n?
0
Let c be (108/10)/(15/50). Suppose -v + 52 = 2*h + v, h - 4*v - c = 0. What is the units digit of h?
8
Let z(g) = -g**2 + 12*g + 3. What is the tens digit of z(8)?
3
Let c(p) = -12*p**3 + p**2 + 3*p + 1. What is the units digit of c(-3)?
5
Let s = 63 - -24. What is the tens digit of s?
8
Let f(x) = 2*x**3 + 12*x**2 + 2*x + 5. What is the units digit of f(-5)?
5
Let l be 14/(-4)*(6 - 2). Let m = l - -30. Suppose 0*p = -4*p + m. What is the units digit of p?
4
Let h(l) = -3*l**3 - l**2 - 2*l - 2 + 2*l**2 + 2*l**3 + 2*l**3. What is the units digit of h(3)?
8
Suppose -5*l + 4*w = -0*w + 10, -5*w + 21 = -2*l. Suppose r + 4 = 3*f + 2, 4 = -l*r + 2*f. Let t = 8 + r. What is the units digit of t?
6
Let d = -12 - -38. What is the units digit of d?
6
Suppose -3*g = -5*g - 5*h + 129, -h + 149 = 2*g. Let p = 116 - g. What is the units digit of p?
9
Let t(n) = n - 5. Let m be t(9). Suppose 4*v - 28 = -m*r, -v = v - 4*r - 14. Suppose -d + 2 + v = 0. What is the units digit of d?
9
Let i = 24 - 10. What is the tens digit of i?
1
Let n = 1 + 27. What is the tens digit of n?
2
Suppose 0*p = 5*p - 45. What is the units digit of p?
9
Let j = -12 + 6. Let f be 3/2*8/j. Let n = 4 + f. What is the units digit of n?
2
Suppose -q - 107 = 3*f, 5*f - 2*q = -5*q - 177. What is the units digit of (f/(-4))/(-3) - -23?
0
Let j = -7 - -9. Suppose -16 = -2*t - j*t + u, -4*u - 31 = -5*t. Suppose -t*y + 8 = -2*y. What is the units digit of y?
8
Suppose -92 = -2*y + 42. What is the units digit of y?
7
Suppose 236 = -3*c + 7*c. What is the units digit of c?
9
Suppose -2*t = -254 - 12. Let d = t - 93. What is the tens digit of d?
4
Let c = -1 + 2. Suppose c - 3 = -2*g. What is the units digit of g?
1
Suppose 3 - 7 = -2*a. Suppose 4*r - 5 = a*j - 13, -2*r = -2. What is the units digit of j?
6
Let u be (20/5)/(2/1). Suppose 0*p = 3*p + 6, 0 = o + u*p - 2. What is the units digit of o?
6
Let k(n) be the third derivative of n**6/120 + n**5/12 - n**4/24 - 5*n**3/6 - 2*n**2. Let v be k(-5). Suppose -5*t = -v*t - 65. What is the tens digit of t?
1
Let r be (4/6)/(5/(-15)). Let y be (4/r - 0) + 29. Suppose 5*o - y = 18. What is the units digit of o?
9
Let h be -1 - (2/2 - -1). Let a = 16 + h. What is the units digit of a?
3
Suppose -t + 8 = t. Suppose t*k + 0*k = 68. What is the units digit of k?
7
Suppose 0 = -0*c - 5*c + 265. What is the tens digit of c?
5
Suppose n - 6*n + 460 = 0. Suppose -5*v + y = -3*y - n, 4*y = 3*v - 60. What is the tens digit of v?
1
Let m(y) = 6*y + 5. What is the units digit of m(2)?
7
Let s(a) = 3*a**2 + a - 1. Let v be s(2). Let t = -23 + 16. Let q = v + t. What is the units digit of q?
6
Let n(u) = u**2 + 9*u + 8. Let i be n(-8). What is the units digit of -3 + -4*(i + -1)?
1
Suppose -d + 75 = v, 0*d - 2*d = 3*v - 146. What is the tens digit of d?
7
Let a be (-52)/9 - 2/9. Let z = a + 4. What is the units digit of (-6)/(-8) + z/(-8)?
1
Suppose -1 = -4*b + 43. What is the tens digit of b?
1
Suppose 0 = -b, 439 + 31 = 2*p - 2*b. What is the tens digit of p?
3
Suppose 21 = 4*s - 71. What is the units digit of s?
3
Let i = -5 + 10. Suppose 0 = 3*w - 1 - i. Suppose -u + 5*j = -3*u - 9, 3*j - 1 = -w*u. What is the units digit of u?
8
Let t(i) = -i**3 - 15*i**2 - 17*i - 12. What is the tens digit of t(-14)?
3
Let f be 5/(-1 - -3 - 1). Suppose c + 2*a + 9 = 0, 2*c + 10 = -f*a + 3*a. What is the units digit of (3 - 4) + (c - -3)?
1
Let g be (-10)/3*(-6)/5. Suppose g*d + d = -3*a + 21, -a = -2*d + 15. Suppose 0 = 5*y + 1 - d. What is the units digit of y?
1
Let x(t) be the third derivative of t**7/2520 + t**6/180 + t**5/24 - t**4/12 - t**2. Let i(z) be the second derivative of x(z). What is the tens digit of i(-5)?
1
Let f = -14 + 20. Let s = 6 - f. Suppose s*c - 3*c = -21. What is the units digit of c?
7
Let r = -21 + 65. What is the tens digit of r?
4
Let b = -4 + 9. Suppose -2*j + 24 = -b*f, 27 + 1 = 4*j - 5*f. Suppose -j*p - p = -9. What is the units digit of p?
3
Suppose 4*k + 4*d - 52 = 0, 3*k + 7*d - 47 = 2*d. Suppose -g - 5 = -2*o, 2*o + k = 4*o - 5*g. What is the units digit of o?
2
Suppose -2*s - s = 2*n - 440, 2*s = -5*n + 286. Suppose l + 3*y + 0*y = 30, 2*y + s = 4*l. What is the tens digit of l?
3
Let k = 46 - 33. What is the units digit of k?
3
Let t be -1 - (-9)/3 - 2. Let v be (4 - (t - 2))*1. What is the units digit of v/21 + 24/14?
2
Suppose -3*b = -3*w + 72, 3*w - 5*b - 56 - 14 = 0. What is the tens digit of w?
2
Let p(x) = 2*x - 1. Let h be p(2). Suppose 0 = -h*n + 2 + 4. What is the tens digit of 1/2*72/n?
1
Let v(s) = -s**2 + 5*s + 7. Let x be v(5). What is the units digit of 24/x - 15/35?
3
Let w = 0 + 2. Suppose -3*y - w = h + 4, 4*h + y - 31 = 0. What is the units digit of h?
9
Let m(x) = x**3 + 6*x**2 + 3*x + 3. Let z be m(-6). What is the units digit of ((-12)/(-5))/(z/(-100))?
6
Suppose -2*j + 4 = -6. Suppose 2*q = -4*k + 2*k + 16, -3*q + 22 = j*k. What is the units digit of 2/q - 102/(-27)?
4
Suppose 2*u - 1 = -y, 3*y + 3 = 3*u + 6. Let p = y + 1. What is the units digit of (-1)/(p/3 - 1)?
3
Let k be 32 + 3 + -2 - 1. Suppose 2*w + 10 = 0, -f + 3*f = 2*w + k. What is the tens digit of f?
1
What is the units digit of 22/8 - (-36)/(-48)?
2
Suppose 0 = -3*j - 2*z + 290, 0*j + 5*j = -3*z + 482. What is the units digit of j?
4
Let z(f) = -f - 4. Let x be (0 - -2)/((-1)/(-1)). Let s be (-8 - (x - 3))*1. What is the units digit of z(s)?
3
Suppose 4*y + 5*q - 715 = -y, -2*q = 3*y - 431. What is the hundreds digit of y?
1
Let r be ((-9)/15)/((-6)/30). Suppose 2*m - d - 1 = r, 4*m - 4*d = 8. What is the units digit of m?
2
Let d be -2 + 4 + 0 - -62. Suppose 4*g = -3*q + d, 0 = -0*g - 2*g - 4*q + 42. What is the units digit of g?
3
Suppose -5*m - 6*q + 320 = -q, -2*q + 192 = 3*m. Suppose 4*z - 3*z - 35 = 4*v, -5*v - m = -2*z. What is the units digit of z?
7
Let k(t) = t - 5. Let d be k(9). Suppose d*q - 75 - 45 = 0. What is the tens digit of q?
3
Suppose g = -l + 42, g + 0*g + 4*l - 57 = 0. What is the tens digit of g?
3
Let z be 6/(-2) + 5 + 0. Let n = z - -4. Suppose n = -0*h + h. What is the units digit of h?
6
Suppose -723 = -3*u - 2*q, 6*u = 7*u - 2*q - 249. What is the hundreds digit of u?
2
Let d(o) = o**2 - 11*o + 8. Let l be d(10). What is the units digit of (-18)/(-30) - l/5?
1
Let m be (2/4)/(2/(-32)). Let s = 17 + m. What is the units digit of s?
9
Suppose 0 = -f - 0*f - 6. Let b = 12 + f. Suppose -3*o - 4*i + 23 = 0, 3*i - b*i = -2*o + 4. What is the units digit of o?
5
Suppose -16 = -5*f + 9. What is the units digit of f?
5
Let h be (-4 + 4)*2/(-4). Suppose 2*b + 5*i - 20 - 1 = h, 0 = -3*b - 2*i + 48. What is the tens digit of b?
1
Let a = 45 - 27. Suppose u - a = -2*u. What is the units digit of u?
6
Suppose 0*s = 5*s + 5. Let l be 57/12 - s/4. Suppose l*g + 2*j = 14, -13 + 2 = -5*g - 3*j. What is the units digit of g?
4
Suppose -84 = -y + 50. What is the hundreds digit of y?
1
Let o be -4 - (4 - 2 - 0). What is the units digit of ((-8)/o)/((-24)/(-756))?
2
Let g be (9/6)/(2/4). Suppose -3*z - 29 = -4*h, -11 = -g*z + 4. What is the tens digit of h?
1
Let s(n) = n**2 - 6*n - 2. Let m be s(5). Let b = m - -10. Suppose -2*r + q = -11, -4*q + 3 = -b*r + 7. What is the units digit of r?
8
Suppose m - 4*a + 8 = 0, -23 = 3*m - 4*a - 7. Let x = m + 5. What is the units digit of x?
1
Suppose 9*y - 15 = 4*y. Suppose -114 - 66 = -3*i. Suppose -y*m = -8*m + i. What is the units digit of m?
2
Suppose -2 = 2*v, 2*z + 0*z = -4*v + 170. What is the units digit of z?
7
Let j(c) = 2*c - 4 - c + 2*c - 5*c. Suppose 2*u + 13 - 1 = 0. What is the units digit of j(u)?
8
Let a(j) = -15*j - 7. Let x(z) = -z**3 + 13*z**2 + z - 16. Let f be x(13). What is the tens digit of a(f)?
3
Let b(h) = -4*h - 4 + 1 + 0*h. What is the units digit of b(-4)?
3
Let n(x) = x + 19. Let l be n(-15). Suppose -l*d = 2*i - 212, 5*i + 45 + 101 = 3*d. What is the tens digit of d?
5
Let n(h) = -h + 15. Let b be n(12). Suppose 3*a - 4*y = 152, 0*y + b*y - 55 = -a. Suppose 3*j - q - a = q, 0 = 3*j - 3*q - 51. What is the units digit of j?
8
Suppose y + 8 = 8*l - 3*l, 9 = -3*y. Let q(h) = -3*h - 15. Let t be q(-6). What is the units digit of -3 + l*51/t?
4
Let o = 3 + -1. What is the u